{"id":861,"date":"2025-08-08T19:31:10","date_gmt":"2025-08-08T17:31:10","guid":{"rendered":"https:\/\/amediavilla.com\/comprar-joies-d-autor\/sin categor\u00eda\/colgante-de-plata-y-agata-dendritica\/"},"modified":"2025-08-08T19:31:10","modified_gmt":"2025-08-08T17:31:10","slug":"colgante-de-plata-y-agata-dendritica","status":"publish","type":"product","link":"https:\/\/amediavilla.com\/es\/comprar-joyas-de-autor\/colgantes\/colgante-de-plata-y-agata-dendritica\/","title":{"rendered":"Colgante de plata y \u00e1gata dendr\u00edtica"},"content":{"rendered":"<p><span style=\"font-weight: 400;\">Colgante de plata con formas org\u00e1nicas y \u00e1gata dendr\u00edtica.<\/span><\/p>\n<ul>\n<li style=\"font-weight: 400;\" aria-level=\"1\"><span style=\"font-weight: 400;\">Joya hecha a mano<\/span><\/li>\n<li style=\"font-weight: 400;\" aria-level=\"1\"><span style=\"font-weight: 400;\">Plata de ley 925<\/span><\/li>\n<li style=\"font-weight: 400;\" aria-level=\"1\"><span style=\"font-weight: 400;\">\u00c1gata dendr\u00edtica  <\/span><\/li>\n<\/ul>\n<p><span style=\"font-weight: 400;\">Cadena de plata de ley 925 rodiada de 50 cm incluida.<\/span><\/p>\n<p><span style=\"font-weight: 400;\">Medidas del colgante: 5.5 cm x 2.7 cm<\/span><\/p>\n","protected":false},"excerpt":{"rendered":"<p>Colgante de plata y \u00e1gata dendr\u00edtica.<\/p>\n","protected":false},"featured_media":1779,"template":"","meta":[],"product_brand":[],"product_cat":[75],"product_tag":[100],"class_list":{"0":"post-861","1":"product","2":"type-product","3":"status-publish","4":"has-post-thumbnail","6":"product_cat-colgantes","7":"product_tag-organico","8":"pa_gemmes-agata","9":"pa_material-plata","11":"first","12":"instock","13":"taxable","14":"shipping-taxable","15":"purchasable","16":"product-type-simple"},"_links":{"self":[{"href":"https:\/\/amediavilla.com\/es\/wp-json\/wp\/v2\/product\/861","targetHints":{"allow":["GET"]}}],"collection":[{"href":"https:\/\/amediavilla.com\/es\/wp-json\/wp\/v2\/product"}],"about":[{"href":"https:\/\/amediavilla.com\/es\/wp-json\/wp\/v2\/types\/product"}],"wp:featuredmedia":[{"embeddable":true,"href":"https:\/\/amediavilla.com\/es\/wp-json\/wp\/v2\/media\/1779"}],"wp:attachment":[{"href":"https:\/\/amediavilla.com\/es\/wp-json\/wp\/v2\/media?parent=861"}],"wp:term":[{"taxonomy":"product_brand","embeddable":true,"href":"https:\/\/amediavilla.com\/es\/wp-json\/wp\/v2\/product_brand?post=861"},{"taxonomy":"product_cat","embeddable":true,"href":"https:\/\/amediavilla.com\/es\/wp-json\/wp\/v2\/product_cat?post=861"},{"taxonomy":"product_tag","embeddable":true,"href":"https:\/\/amediavilla.com\/es\/wp-json\/wp\/v2\/product_tag?post=861"}],"curies":[{"name":"wp","href":"https:\/\/api.w.org\/{rel}","templated":true}]}}

https://amediavilla.com/comprar-joies-d-autor/sin categoría/colgante-de-plata-y-agata-dendritica/

Colgante de plata y ágata dendrítica

<p><span style="font-weight: 400;">Colgante de plata con formas orgánicas y ágata dendrítica.</span></p>
<ul>
<li style="font-weight: 400;" aria-level="1"><span style="font-weight: 400;">Joya hecha a mano</span></li>
<li style="font-weight: 400;" aria-level="1"><span style="font-weight: 400;">Plata de ley 925</span></li>
<li style="font-weight: 400;" aria-level="1"><span style="font-weight: 400;">Ágata dendrítica  </span></li>
</ul>
<p><span style="font-weight: 400;">Cadena de plata de ley 925 rodiada de 50 cm incluida.</span></p>
<p><span style="font-weight: 400;">Medidas del colgante: 5.5 cm x 2.7 cm</span></p>

<p>Colgante de plata y ágata dendrítica.</p>
